{"id":82,"date":"2011-12-21T00:19:07","date_gmt":"2011-12-21T00:19:07","guid":{"rendered":"http:\/\/www.lulelisnoticias.com.br\/blog\/?page_id=82"},"modified":"2014-03-26T15:45:07","modified_gmt":"2014-03-26T18:45:07","slug":"perfil","status":"publish","type":"page","link":"https:\/\/www.lulelisnoticias.com.br\/blog\/perfil\/","title":{"rendered":"Perfil"},"content":{"rendered":"<p style=\"text-align: justify;\"><strong>Sou a <strong>jornalista\u00a0<\/strong>L\u00fa L\u00e9lis,<\/strong><strong>\u00a0iniciei minhas atividades como colunista no Jornal de Jequi\u00e9. Eu e o jornalismo tivemos uma afinidade de compromisso com a veracidade das not\u00edcias. Depois do JORNAL de JEQUI\u00c9 veio o JORNAL DA BAHIA que atuei como gerente de Sucursal e uma coluna di\u00e1ria abordando fatos sociais do nosso munic\u00edpio. Depois veio o Jornal A TARDE que tamb\u00e9m tive o privil\u00e9gio de ser convidada pelo saudoso Jornalista e Diretor de Reda\u00e7\u00e3o de A TARDE Dr. Jorge Calmon para o desafio de assumir a ger\u00eancia da Sucursal aqui em Jequi\u00e9 e uma Coluna Social. Com o avan\u00e7o da tecnologia, a m\u00eddia impressa vem dando lugar a m\u00eddia virtual e hoje assumo o desafio de assinar o Blog L\u00fa L\u00e9lis Not\u00edcias com quem fiquei por mais de um ano interligada com meu colega de profiss\u00e3o Wilson Novais Junior, assinando uma p\u00e1gina do Jequi\u00e9 Rep\u00f3rter.<\/strong><\/p>\n<p style=\"text-align: center;\"><strong>\u201cUma boa divulga\u00e7\u00e3o faz toda diferen\u00e7a\u201d.<\/strong><\/p>\n<p style=\"text-align: justify;\"><strong>Para anunciar, o Blog L\u00fa L\u00e9lis disponibiliza de espa\u00e7os para divulgar seu produto, sua marca, banners, empresa entre outros.<\/strong><\/p>\n","protected":false},"excerpt":{"rendered":"<p>Sou a jornalista\u00a0L\u00fa L\u00e9lis,\u00a0iniciei minhas atividades como colunista no Jornal de Jequi\u00e9. Eu e o jornalismo tivemos uma afinidade de compromisso com a veracidade das not\u00edcias. Depois do JORNAL de JEQUI\u00c9 veio o JORNAL DA BAHIA que atuei como gerente de Sucursal e uma coluna di\u00e1ria abordando fatos sociais do nosso munic\u00edpio. Depois veio o [&hellip;]<\/p>\n","protected":false},"author":1,"featured_media":0,"parent":0,"menu_order":0,"comment_status":"closed","ping_status":"closed","template":"","meta":{"footnotes":""},"class_list":["post-82","page","type-page","status-publish","hentry"],"_links":{"self":[{"href":"https:\/\/www.lulelisnoticias.com.br\/blog\/wp-json\/wp\/v2\/pages\/82","targetHints":{"allow":["GET"]}}],"collection":[{"href":"https:\/\/www.lulelisnoticias.com.br\/blog\/wp-json\/wp\/v2\/pages"}],"about":[{"href":"https:\/\/www.lulelisnoticias.com.br\/blog\/wp-json\/wp\/v2\/types\/page"}],"author":[{"embeddable":true,"href":"https:\/\/www.lulelisnoticias.com.br\/blog\/wp-json\/wp\/v2\/users\/1"}],"replies":[{"embeddable":true,"href":"https:\/\/www.lulelisnoticias.com.br\/blog\/wp-json\/wp\/v2\/comments?post=82"}],"version-history":[{"count":0,"href":"https:\/\/www.lulelisnoticias.com.br\/blog\/wp-json\/wp\/v2\/pages\/82\/revisions"}],"wp:attachment":[{"href":"https:\/\/www.lulelisnoticias.com.br\/blog\/wp-json\/wp\/v2\/media?parent=82"}],"curies":[{"name":"wp","href":"https:\/\/api.w.org\/{rel}","templated":true}]}}